n factor of 225771 and 273.
273
What is the greatest common divisor of 312 and 3848?
104
What is the highest common factor of 6200 and 7050?
50
Calculate the highest common divisor of 39618 and 1581.
93
Calculate the greatest common factor of 1703 and 15851.
131
Calculate the highest common divisor of 69599 and 316.
79
What is the greatest common factor of 1677 and 94041?
129
Calculate the highest common factor of 203263 and 181.
181
What is the greatest common divisor of 23464 and 406?
14
What is the greatest common divisor of 2655 and 185319?
531
Calculate the greatest common divisor of 391 and 1868980.
391
Calculate the highest common factor of 7004 and 136.
68
Calculate the greatest common divisor of 342 and 318174.
114
Calculate the greatest common divisor of 186 and 40.
2
Calculate the greatest common divisor of 352 and 24256.
32
Calculate the highest common factor of 84 and 174804.
84
Calculate the highest common divisor of 127642 and 266.
38
What is the highest common factor of 27504 and 558?
18
What is the greatest common divisor of 9867 and 156078?
897
What is the greatest common factor of 210 and 147270?
30
What is the highest common factor of 1876 and 2240?
28
Calculate the greatest common factor of 134350 and 400.
50
Calculate the greatest common divisor of 16652 and 138.
46
Calculate the highest common factor of 936 and 262968.
24
What is the highest common divisor of 114 and 11133?
3
What is the highest common factor of 81523 and 208?
13
What is the highest common divisor of 144420 and 300?
60
What is the greatest common divisor of 372 and 11444?
4
What is the highest common divisor of 363152 and 176?
16
What is the greatest common factor of 8 and 567992?
8
What is the greatest common divisor of 21280 and 456?
152
Calculate the highest common divisor of 340 and 17620.
20
Calculate the greatest common factor of 58004 and 50327.
853
Calculate the greatest common factor of 49840 and 5560.
40
What is the highest common factor of 15290 and 310387?
1529
What is the highest common divisor of 48 and 79032?
24
What is the greatest common factor of 1542400 and 3600?
400
Calculate the highest common divisor of 61 and 3488773.
61
Calculate the highest common factor of 61857 and 29.
29
Calculate the highest common divisor of 133617 and 209.
11
Calculate the highest common divisor of 14225 and 675.
25
What is the highest common divisor of 668306 and 228?
38
Calculate the greatest common divisor of 30 and 107090.
10
Calculate the highest common factor of 1472 and 207.
23
Calculate the greatest common divisor of 140 and 234164.
28
Calculate the greatest common divisor of 102396 and 644.
644
Calculate the highest common factor of 48 and 8717232.
48
Calculate the highest common factor of 32 and 1096848.
16
What is the highest common factor of 4448 and 53216?
32
Calculate the greatest common divisor of 304 and 19504.
16
What is the greatest common factor of 67611 and 465?
93
What is the highest common divisor of 239471 and 1414?
101
Calculate the greatest common factor of 30157 and 1.
1
What is the greatest common factor of 110 and 411345?
55
Calculate the greatest common factor of 119 and 86415.
7
Calculate the greatest common divisor of 104641 and 3766.
269
What is the highest common factor of 147 and 48167?
49
Calculate the greatest common divisor of 181072 and 112.
16
Calculate the highest common divisor of 39388 and 1204.
172
What is the greatest common factor of 251588 and 4?
4
What is the greatest common divisor of 5577693 and 1038?
519
Calculate the greatest common factor of 280 and 14336.
56
Calculate the greatest common factor of 253 and 264293.
23
What is the highest common divisor of 2655 and 2360?
295
What is the greatest common divisor of 1819 and 11449?
107
Calculate the highest common factor of 146878 and 618.
206
What is the greatest common divisor of 2242 and 1159?
19
What is the highest common factor of 312 and 5512?
104
What is the greatest common divisor of 794880 and 144?
144
What is the highest common divisor of 354753 and 42?
21
What is the greatest common divisor of 55414 and 6456?
538
Calculate the greatest common factor of 10 and 2705.
5
Calculate the greatest common divisor of 12753 and 67275.
117
What is the highest common factor of 422 and 77437?
211
What is the greatest common divisor of 4856 and 20?
4
Calculate the highest common divisor of 763 and 959.
7
Calculate the greatest common divisor of 1032187 and 13.
13
Calculate the highest common divisor of 42434 and 2450.
98
Calculate the greatest common divisor of 4039 and 56.
7
What is the greatest common divisor of 1334 and 1702?
46
Calculate the highest common divisor of 383310 and 126.
18
What is the greatest common divisor of 372 and 180327?
93
What is the greatest common divisor of 88078 and 94?
94
What is the highest common factor of 327765 and 15?
15
What is the highest common divisor of 75564 and 36?
36
Calculate the highest common factor of 5 and 197240.
5
What is the highest common divisor of 58509 and 2739?
33
Calculate the highest common factor of 64 and 3103808.
64
Calculate the greatest common factor of 558 and 13578.
186
Calculate the greatest common factor of 2578390 and 145.
145
What is the highest common divisor of 29166 and 24?
6
Calculate the highest common divisor of 299 and 487279.
13
Calculate the greatest common divisor of 92071 and 98.
49
What is the greatest common factor of 131131 and 455?
91
Calculate the highest common factor of 14101 and 6692.
239
What is the greatest common factor of 894536 and 1736?
248
Calculate the highest common divisor of 3201 and 264.
33
Calculate the highest common divisor of 3649 and 22072.
89
Calculate the highest common divisor of 1826196 and 12.
12
Calculate the highest common divisor of 7434 and 679.
7
Calculate the greatest common factor of 154305 and 67310.
635
What is the greatest common divisor of 39772 and 61?
61
Calculate the greatest common factor of 14304 and 15168.
96
What is the greatest common divisor of 354 and 309986?
118
Calculate the greatest common divisor of 43139 and 6623.
179
Calculate the highest common factor of 1053 and 450879.
39
Calculate the highest common divisor of 186 and 159774.
186
Calculate the highest common divisor of 616 and 2240.
56
What is the highest common divisor of 289 and 187?
17
What is the greatest common divisor of 839724 and 456?
228
Calculate the greatest common factor of 35545 and 15.
5
Calculate the greatest common divisor of 13505 and 1825.
365
Calculate the highest common factor of 132 and 5136.
12
What is the highest common divisor of 5619338 and 74?
74
Calculate the highest common divisor of 9150 and 1050.
150
What is the greatest common divisor of 17823 and 533?
13
What is the greatest common factor of 81 and 1436940?
81
What is the greatest common factor of 30 and 87915?
15
What is the highest common divisor of 6757 and 3509?
29
Calculate the highest common divisor of 189 and 289.
1
Calculate the greatest common factor of 5 and 2426725.
5
Calculate the greatest common factor of 4768 and 3441304.
1192
Calculate the greatest common divisor of 10804 and 4672.
292
Calculate the greatest common factor of 630 and 84.
42
Calculate the highest common divisor of 1551 and 15369.
141
Calculate the highest common divisor of 912 and 424764.
228
What is the highest common divisor of 16 and 440816?
16
Calculate the greatest common divisor of 978860 and 221.
17
What is the greatest common factor of 140624 and 88?
88
What is the highest common factor of 52333 and 295?
59
What is the highest common factor of 851 and 25231?
23
What is the highest common factor of 233185 and 20115?
745
What is the greatest common divisor of 560 and 560?
560
Calculate the highest common divisor of 22 and 734789.
11
What is the greatest common divisor of 30720 and 11160?
120
What is the greatest common divisor of 13478 and 230?
46
What is the highest common divisor of 72 and 118896?
24
What is the greatest common divisor of 56308 and 28?
28
What is the greatest common divisor of 164 and 6276?
4
What is the greatest common factor of 494 and 203554?
26
What is the greatest common factor of 18 and 10752804?
18
Calculate the greatest common divisor of 10590 and 480.
30
Calculate the highest c